2. List the prime factors of f(-1).
29
Suppose 0 = 3*t + j - 64, t = j - 4*j + 32. Let y be (-73)/5 + (-8)/t. List the prime factors of 18/y*40/(-6).
2
Suppose 3*q - q = -2*p + 386, -2*q + 382 = p. List the prime factors of q.
3, 7
Suppose -l - i = -11, -5*l = 4*i - 3 - 49. Suppose 1532*q = 1534*q - 20. Let p = q - l. What are the prime factors of p?
2
Let y(n) = -56*n**3 + n. Let c = 6 + -7. Let h be y(c). Let o = h + -37. What are the prime factors of o?
2, 3
Suppose a + 3*h = 3, 0*h = 3*h + 9. Let v = -24 + 66. Let t = a + v. What are the prime factors of t?
2, 3
Let d(q) = q**3 - 11*q**2 - 13*q - 4. Let c be d(11). Let m = c - -267. What are the prime factors of m?
2, 3, 5
Let q(a) = -4*a**3 - 18*a**2 - 5*a + 7. Let k be q(-5). Suppose -i + 3*i = -3*j + 77, -k = -2*i - 4*j. List the prime factors of i.
31
Suppose 4 = 3*n - 2*f - 24, -5*f = n - 32. List the prime factors of 3/(n/88) - -2.
2, 3
Let s(v) = -v**3 + 6*v**2 + 9*v - 12. Let t be s(7). Suppose 333 + 422 = 5*r + 5*i, -t*r + 305 = i. What are the prime factors of r?
2, 7, 11
Suppose 0*v - 6 = -3*v. Suppose -n + 93 = h, v*n + 3*h = n + 87. Suppose 7*c - n = -3*a + 4*c, -3*a - 2*c + 95 = 0. What are the prime factors of a?
31
What are the prime factors of (-65)/50*-1058 - 6/15?
5, 11
Let q = 14326 - 9733. List the prime factors of q.
3, 1531
What are the prime factors of ((-5)/((-30)/412))/((-62)/(-1860))?
2, 5, 103
Suppose 5*f - 3*t - 295 = 0, 5*f - 5*t - 275 = -6*t. Suppose -h = 5, -d - h + f = -0*d. List the prime factors of d.
61
Let k be (17/(-2))/((-2)/(-4)). Let d = -9 - k. Let c = d - -7. List the prime factors of c.
3, 5
Suppose 24033 = 18*p - 28491. What are the prime factors of p?
2, 1459
Let l(o) = -o**3 - 4*o**2 + 2*o - 3. Let m be l(-4). Let a = m - -9. List the prime factors of 1/((-1)/6*a).
3
Suppose 3*d + 9 = 0, 0*d + 14 = x + 2*d. Let n be (-123)/(-5) - (-8)/x. Suppose -q - 4 = -n. List the prime factors of q.
3, 7
Let d(s) = 14*s**2 - 4*s + 3. Let i be d(1). Let w = i + 0. Suppose -u - f = -w, 3*f = 3*u + 2*f - 59. What are the prime factors of u?
2, 3
Let x = -885 - -553. Let y = -189 - x. List the prime factors of y.
11, 13
Suppose -34*v - 3477 = -37*v. What are the prime factors of v?
19, 61
Suppose -h = 3*h - k - 109, 2*h - 47 = 3*k. Suppose -6*u - 4 = -d - 8*u, h = 5*d + 2*u. What are the prime factors of d?
2, 3
Let g be -4*(-1 + (-125)/2). Suppose g = -4*n + 1002. What are the prime factors of n?
11, 17
Let l(u) = -u**2 - 13*u + 2. Suppose 4*v + 5*p + 69 = 0, 36 = -4*v + 3*v - 5*p. What are the prime factors of l(v)?
2, 3
Let k(y) = -y**3 - y**2 - y - 1. Let d be k(-2). Suppose 88 = 7*v - d*v. Suppose -n = 3 - v. List the prime factors of n.
41
Let v(s) = 12*s + 14. Let l be v(6). Let h = l + -22. List the prime factors of h.
2
Suppose -9*i - 375 = -14*i. Let p = 109 - i. What are the prime factors of p?
2, 17
Let i = -92 + 176. Suppose -i = -4*a - t + 3*t, 3*a + 2*t - 49 = 0. What are the prime factors of a?
19
Suppose -2*s - 3*w = -777, -5*w = -4*s - 443 + 2008. Let n = s + -150. List the prime factors of n.
2, 3, 5
Let q(t) = -3*t**2 + 34*t - 25. Let m be q(11). What are the prime factors of 507/4 - (-3)/(-2 - m)?
127
Let f(z) be the first derivative of 56*z**3/3 + z**2 - 2*z + 12. What are the prime factors of f(1)?
2, 7
List the prime factors of 1284 + -1 - (3 + 4).
2, 11, 29
Let a(p) = 5*p**2 - 6*p - 5. Let d be a(-3). List the prime factors of d/(6/9 - 0).
3, 29
Let r(h) = 45*h - 125. List the prime factors of r(6).
5, 29
Suppose -3*j + 3574 = -z, 0 = 10*j - 15*j - 5*z + 5970. List the prime factors of j.
2, 149
What are the prime factors of 3*3966*(-9)/(-81)?
2, 661
Suppose 2 - 30 = -4*z. Let o(a) be the second derivative of -a**5/20 + 7*a**4/12 + a**3/3 - 6*a**2 + 8*a. What are the prime factors of o(z)?
2
Suppose 0 = -5*l - 3*u + 735, -5*l = -7*l + u + 283. What are the prime factors of l?
2, 3
List the prime factors of (21 - 22)/((-5)/5745).
3, 383
Let p(m) = -3 + 1 + 1 + 5 - 13*m. List the prime factors of p(-4).
2, 7
Suppose -11*g + 7*g - 3*r = -12965, -6*r - 6 = 0. List the prime factors of g.
2, 1621
Let t = -455 + 323. What are the prime factors of 9/18*(0 + 4) - t?
2, 67
Let a(u) = -u**3 + 4*u**2 + 4*u - 5. Let t be a(4). Let j = 12 - t. Let k(p) = 33*p**2 + p - 1. What are the prime factors of k(j)?
3, 11
Let s = 3 + -2. Let r(v) = 4*v + 1. Let l be r(s). Suppose -l*n + 72 = -2*n. What are the prime factors of n?
2, 3
Suppose -22 = -4*s + 5*n + 10, 0 = -3*s - n + 5. Suppose 0 = -3*q - s + 54. Suppose -4*z - q = -5*z. What are the prime factors of z?
17
Suppose 0 = 4*q - 2*q + 74. Suppose j = -n - 3*j - 18, -5*j = -3*n - 88. Let y = n - q. List the prime factors of y.
11
Suppose 0 = 4*z - 3*d - 102, 5*z - 3*d = -4*d + 137. Let f = -15 + z. What are the prime factors of f?
2, 3
Let c = -34 + 36. Let t(i) = -i**3 + 2*i**2 + 3*i - 3. Let d be t(c). Suppose -d*n = 4*s - 112, -3*s = 3*n - 2*s - 109. List the prime factors of n.
2, 3
Suppose -8 - 16 = -6*p. Suppose 0*l = p*l - 220. What are the prime factors of l?
5, 11
Let s(o) = -90*o - 202. What are the prime factors of s(-10)?
2, 349
Let l = 3305 + -1775. List the prime factors of l.
2, 3, 5, 17
Suppose 17*a - 115 - 38 = 0. What are the prime factors of a?
3
Let l(w) = -w**3 - 3*w**2 + 16*w + 10. Let z(u) = u**3 + 2*u**2 - 17*u - 10. Let o(r) = 4*l(r) + 3*z(r). Let d = -26 + 18. What are the prime factors of o(d)?
2, 17
Suppose g - 136 = -4*i, -3*i = -6 - 0. List the prime factors of g.
2
Suppose -5*a + 3*a - a = 0. Suppose -5*u = -3*y - 525, a = 4*u - 4*y - 266 - 154. List the prime factors of u.
3, 5, 7
Let o(n) = -4*n + 7. Let b = -51 + 76. Suppose -4*y = c + 28, 2*c + b = -4*y + 1. What are the prime factors of o(y)?
3, 13
What are the prime factors of (1 + 1)*((-4827)/(-6) - -3)?
5, 17, 19
Suppose 3*n = -4*w - 179, 91 = -w - w - n. Let a = w + 73. List the prime factors of a.
2, 13
Let b(t) = -3*t**2 + 1. Let o(h) = -5*h**2 - 14*h - 3. Let y(v) = 2*b(v) - o(v). Suppose -1 = -4*g - 3*j + 67, -2*j = -3*g + 34. List the prime factors of y(g).
5
Let l(c) = 13*c**2 - 5. Let p be l(3). Suppose 5*z = -181 - 219. Let v = z + p. What are the prime factors of v?
2
Let j(v) = -7*v + 3*v**2 + 9*v - 4*v**2 + 2*v**2 - 1. Let p(w) = w**3 - 5*w**2 + 5*w - 2. Let f be p(3). What are the prime factors of j(f)?
2, 7
List the prime factors of (4320/(-56))/6*-7.
2, 3, 5
Let b = 221 + -45. List the prime factors of b.
2, 11
Let n(d) = -45*d**2 - 7*d - 7. Let f(p) = -44*p**2 - 8*p - 8. Let v(q) = 5*f(q) - 6*n(q). What are the prime factors of v(2)?
2, 103
Suppose 5*r = -5, -44 = 5*f - r - 0*r. Let w = f - -4. List the prime factors of (1 - (-3)/w)*5.
2
Let m(o) = 6*o - 1. Let t(v) = 1 - 5*v - 2*v - 4*v + 4*v. Let r(g) = -3*m(g) - 2*t(g). What are the prime factors of r(-8)?
3, 11
Suppose 5*m = -5*y - 1640, 0*m + 5*y + 1316 = -4*m. What are the prime factors of m/(-7) + 1/(21/(-6))?
2, 23
Let l = 609 + -605. Suppose -3*v = k - 8*v - 47, 5*v = 5*k - 155. Suppose 1 = l*z - k. List the prime factors of z.
7
Let g(q) = 5*q**2 - 15*q - 23. Let u be g(13). Suppose -u - 2649 = -14*f. What are the prime factors of f?
2, 3, 13
Let q(v) = -v**2 + 9*v - 7. Let k be q(8). Let o be 2 + 17 + k + 0. Let t = -13 + o. What are the prime factors of t?
7
Suppose -9606 = -11*n + 4155. What are the prime factors of n?
3, 139
Suppose 4*t - 1 - 9 = -c, -3*c + 5*t = 4. List the prime factors of (113/c)/(((-11)/2)/(-11)).
113
Let f = -19 + 21. Suppose 0 = f*c - 15 + 5. Suppose -4*u - 78 = -o - o, c*o - 2*u = 179. What are the prime factors of o?
5, 7
Suppose -q + 10 = -3*j, -2*q + 6 = j - 0. Suppose q*c + 123 = 5*m - 2*m, -3*m - 4*c + 147 = 0. List the prime factors of m.
3, 5
Let s(x) = -9*x**2 - 4*x + 1. Let l be s(-2). Let a = 114 + -309. What are the prime factors of 8/(-36) + a/l?
7
Let y(z) = 58*z**2 - 10*z - 12. What are the prime factors of y(-3)?
2, 3, 5
Let z = -2914 + 6208. List the prime factors of z.
2, 3, 61
Let l(f) = f. Let q be l(-3). Let y = 21 - q. Suppose -38 - y = -2*c. What are the prime factors of c?
31
Let n(a) = -3*a**3 - 42*a**2 - 35*a + 14. What are the prime factors of n(-14)?
2, 3, 7
Let r be (-216)/(-21) + (-6)/21. Suppose -57 - r = -a. What are the prime factors of a?
67
Let d be 4 - (28*3)/(-3). Suppo